{"id":13,"date":"2024-03-20T13:48:01","date_gmt":"2024-03-20T12:48:01","guid":{"rendered":"http:\/\/wordpress.p664698.webspaceconfig.de\/?page_id=13"},"modified":"2025-10-28T09:49:54","modified_gmt":"2025-10-28T08:49:54","slug":"kontakt","status":"publish","type":"page","link":"https:\/\/gruene-idstein.de\/index.php\/kontakt\/","title":{"rendered":"Kontakt"},"content":{"rendered":"\n<h2 class=\"wp-block-heading\"><strong>B\u00fcndnis 90\/Die Gr\u00fcnen Ortsverband Idstein<\/strong><\/h2>\n\n\n\n<p class=\"wp-block-paragraph\">Falls du uns kontaktieren m\u00f6chtest, hast du folgende Optionen:<\/p>\n\n\n\n<p class=\"wp-block-paragraph\"><strong>E-Mail<\/strong><br><a href=\"#\" data-unscramble=\"ed.nietsdi-eneurg@ofni\">info@gruene-idstein.de<\/a><\/p>\n\n\n\n<p class=\"wp-block-paragraph\"><strong>Anschrift<\/strong><br>Sch\u00e4fergasse 18<br>65510 Idstein<\/p>\n\n\n\n<p class=\"wp-block-paragraph\"><strong>Bankverbindung<\/strong> <br>B\u00fcndnis 90\/Die Gr\u00fcnen Ortsverband-Idstein<br>IBAN:\u00a0DE57 5105 0015 0352 1826 72<br>BIC:\u00a0NASSDE55XXX<\/p>\n\n\n\n<p class=\"wp-block-paragraph\"><\/p>\n","protected":false},"excerpt":{"rendered":"<p>B\u00fcndnis 90\/Die Gr\u00fcnen Ortsverband Idstein Falls du uns kontaktieren m\u00f6chtest, hast du folgende Optionen: E-Mailinfo@gruene-idstein.de AnschriftSch\u00e4fergasse 1865510 Idstein Bankverbindung B\u00fcndnis 90\/Die Gr\u00fcnen Ortsverband-IdsteinIBAN:\u00a0DE57 5105 0015 0352 1826 72BIC:\u00a0NASSDE55XXX<\/p>\n","protected":false},"author":1,"featured_media":0,"parent":0,"menu_order":0,"comment_status":"closed","ping_status":"closed","template":"","meta":{"iawp_total_views":274,"footnotes":""},"class_list":["post-13","page","type-page","status-publish","hentry"],"_links":{"self":[{"href":"https:\/\/gruene-idstein.de\/index.php\/wp-json\/wp\/v2\/pages\/13","targetHints":{"allow":["GET"]}}],"collection":[{"href":"https:\/\/gruene-idstein.de\/index.php\/wp-json\/wp\/v2\/pages"}],"about":[{"href":"https:\/\/gruene-idstein.de\/index.php\/wp-json\/wp\/v2\/types\/page"}],"author":[{"embeddable":true,"href":"https:\/\/gruene-idstein.de\/index.php\/wp-json\/wp\/v2\/users\/1"}],"replies":[{"embeddable":true,"href":"https:\/\/gruene-idstein.de\/index.php\/wp-json\/wp\/v2\/comments?post=13"}],"version-history":[{"count":7,"href":"https:\/\/gruene-idstein.de\/index.php\/wp-json\/wp\/v2\/pages\/13\/revisions"}],"predecessor-version":[{"id":1155,"href":"https:\/\/gruene-idstein.de\/index.php\/wp-json\/wp\/v2\/pages\/13\/revisions\/1155"}],"wp:attachment":[{"href":"https:\/\/gruene-idstein.de\/index.php\/wp-json\/wp\/v2\/media?parent=13"}],"curies":[{"name":"wp","href":"https:\/\/api.w.org\/{rel}","templated":true}]}}

<h2 class="wp-block-heading"><strong>Bündnis 90/Die Grünen Ortsverband Idstein</strong></h2>



<p class="wp-block-paragraph">Falls du uns kontaktieren möchtest, hast du folgende Optionen:</p>



<p class="wp-block-paragraph"><strong>E-Mail</strong><br><a href="#" data-unscramble="ed.nietsdi-eneurg@ofni">info@gruene-idstein.de</a></p>



<p class="wp-block-paragraph"><strong>Anschrift</strong><br>Schäfergasse 18<br>65510 Idstein</p>



<p class="wp-block-paragraph"><strong>Bankverbindung</strong> <br>Bündnis 90/Die Grünen Ortsverband-Idstein<br>IBAN: DE57 5105 0015 0352 1826 72<br>BIC: NASSDE55XXX</p>



<p class="wp-block-paragraph"></p>

<p>Bündnis 90/Die Grünen Ortsverband Idstein Falls du uns kontaktieren möchtest, hast du folgende Optionen: E-Mailinfo@gruene-idstein.de AnschriftSchäfergasse 1865510 Idstein Bankverbindung Bündnis 90/Die Grünen Ortsverband-IdsteinIBAN: DE57 5105 0015 0352 1826 72BIC: NASSDE55XXX</p>
