{"id":569,"date":"2024-04-18T14:27:22","date_gmt":"2024-04-18T12:27:22","guid":{"rendered":"http:\/\/wordpress.p664698.webspaceconfig.de\/?page_id=569"},"modified":"2026-02-18T09:29:01","modified_gmt":"2026-02-18T08:29:01","slug":"gesundheit","status":"publish","type":"page","link":"https:\/\/gruene-idstein.de\/index.php\/gesundheit\/","title":{"rendered":"Gesundheit"},"content":{"rendered":"\n<h2 class=\"wp-block-heading has-grashalm-color has-text-color has-link-color wp-elements-1\"><strong><strong>Gesundheit ist nicht alles, aber \u2026<\/strong><\/strong><\/h2>\n\n\n\n<p class=\"wp-block-paragraph\">Grundlagen f\u00fcr unsere Gesundheit und deren Erhalt sind eine intakte Umwelt, eine gesunde Ern\u00e4hrung sowie eine umfassende und qualifizierte medizinische Versorgung. Die die Herstellung einer l\u00fcckenlosen \u00e4rztlichen Versorgung (\u00c4rztezentren f\u00fcr eine umfassende medizinische Versorgung direkt an einem Ort), die Einrichtung eines Idsteiner Hospizes und mehr \u00f6kologische Landwirtschaft f\u00fcr Idstein sind uns ein Anliegen.<\/p>\n\n\n\n<p class=\"wp-block-paragraph\">Details findet ihr in unserem <a href=\"https:\/\/gruene-idstein.de\/index.php\/kommunalwahlprogramm-2026\/\" data-type=\"page\" data-id=\"1220\">Kommunalwahlprogramm von 2026<\/a>.<\/p>\n\n\n\n<hr class=\"wp-block-separator has-alpha-channel-opacity\"\/>\n\n\n\n<h2 class=\"wp-block-heading has-grashalm-color has-text-color has-link-color wp-elements-2\">Was in Idstein zum Thema passiert:<\/h2>\n\n\n\n<div style=\"height:40px\" aria-hidden=\"true\" class=\"wp-block-spacer\"><\/div>\n\n\n<div class=\"has-background latest-posts wp-block-sunflower-latest-posts\">\n        <div class=\"wp-block-group__inner-container\">\n            \n                <div class=\"row\" data-masonry=\"{&quot;percentPosition&quot;: true }\"><div class=\"col-md-6\">\n<article id=\"post-632\" class=\"bg-white mb-4 has-shadow post-632 post type-post status-publish format-standard has-post-thumbnail hentry category-gesundheit category-kultur-sport-und-freizeit category-soziales\">\n\t<div class=\"\">\n\t\t\t\t\t<div class=\"\">\n\t\t\t\t<a href=\"https:\/\/gruene-idstein.de\/index.php\/2023\/07\/23\/guenstiger-tournesol-eintritt-fuer-kinder-und-jugendliche-geht-auf-gruenen-vorstoss-zurueck\/\" aria-label=\"Post Thumbnail\" rel=\"bookmark\">\n\t\t\t\t\t\t\t\t<img loading=\"lazy\" decoding=\"async\" width=\"768\" height=\"430\" src=\"https:\/\/gruene-idstein.de\/wp-content\/uploads\/2024\/11\/ryzedigital_outdoor_swimming_pool_golden_hour_b675fe1e-0675-4c10-9687-c1dda9313624-768x430.jpg\" class=\"post-thumbnail wp-post-image\" alt=\"G\u00fcnstiger Tournesol-Eintritt f\u00fcr Kinder und Jugendliche geht auf Gr\u00fcnen-Vorsto\u00df zur\u00fcck\" \/>\n\n\t\t\t\t\t\t\t<\/a>\n\t\t\t<\/div>\n\t\t\t\t\t<div class=\"p-45\">\n\t\t\t<header class=\"entry-header mb-2\">\n\t\t\t\t <div class=\"roofline mb-1\">Gr\u00fcn wirkt!<\/div>\t\t\t\t<h2 class=\"card-title h4 mb-3\"><a href=\"https:\/\/gruene-idstein.de\/index.php\/2023\/07\/23\/guenstiger-tournesol-eintritt-fuer-kinder-und-jugendliche-geht-auf-gruenen-vorstoss-zurueck\/\" rel=\"bookmark\">G\u00fcnstiger Tournesol-Eintritt f\u00fcr Kinder und Jugendliche geht auf Gr\u00fcnen-Vorsto\u00df zur\u00fcck<\/a><\/h2>\t\t\t\t\t<div class=\"entry-meta mb-3\">\n\t\t\t\t\t\t<span class=\"posted-on\"><time class=\"entry-date published\" datetime=\"2023-07-23T19:23:00+02:00\">23. Juli 2023<\/time><time class=\"updated\" datetime=\"2024-11-09T11:18:24+01:00\">9. November 2024<\/time><\/span>\t\t\t\t\t<\/div><!-- .entry-meta -->\n\t\t\t\t\t\t\t\t<\/header><!-- .entry-header -->\n\n\t\t\t<div class=\"entry-content\">\n\t\t\t\t<a href=\"https:\/\/gruene-idstein.de\/index.php\/2023\/07\/23\/guenstiger-tournesol-eintritt-fuer-kinder-und-jugendliche-geht-auf-gruenen-vorstoss-zurueck\/\" rel=\"bookmark\">\n\t\t\t\t<p>Die Idsteiner Gr\u00fcnen danken allen Mitwirkenden f\u00fcr den enormen Einsatz zur Sommer\u00f6ffnung des Freibadgel\u00e4ndes des brandgesch\u00e4digten Idsteiner Schwimmbads. \u201eBesonders freuen wir uns, dass die Idsteiner Sport- und Freizeitanlagengesellschaft eine Anregung [&hellip;]<\/p>\n\t\t\t\t<\/a>\n\t\t\t<\/div><!-- .entry-content -->\n\n\t\t\t<footer class=\"entry-footer\">\n\t\t\t\t\t\t\t<div class=\"d-flex mt-2 mb-2\">\n\t\t\t\t\t\t\t\t<div>\n\t\t<span class=\"cat-links small\"><a href=\"https:\/\/gruene-idstein.de\/index.php\/category\/themen\/gesundheit\/\" rel=\"category tag\">Gesundheit<\/a>, <a href=\"https:\/\/gruene-idstein.de\/index.php\/category\/themen\/kultur-sport-und-freizeit\/\" rel=\"category tag\">Kultur, Sport und Freizeit<\/a>, <a href=\"https:\/\/gruene-idstein.de\/index.php\/category\/themen\/soziales\/\" rel=\"category tag\">Soziales<\/a><\/span>\n\t\t\t\t<\/div>\n\t\t\t<\/div>\n\t\t\n\t\t\t\t<div class=\"d-flex flex-row-reverse\">\n\t\t\t\t\t<a href=\"https:\/\/gruene-idstein.de\/index.php\/2023\/07\/23\/guenstiger-tournesol-eintritt-fuer-kinder-und-jugendliche-geht-auf-gruenen-vorstoss-zurueck\/\" rel=\"bookmark\" class=\"continue-reading\">\n\t\t\t\t\tweiterlesen\t\t\t\t<\/a>\n\t\t\t\t<\/div>\n\t\t\t<\/footer><!-- .entry-footer -->\n\t\t<\/div>\n\t<\/div>\n<\/article><!-- #post-632 -->\n<\/div><div class=\"col-md-6\">\n<article id=\"post-638\" class=\"bg-white mb-4 has-shadow post-638 post type-post status-publish format-standard has-post-thumbnail hentry category-gesundheit category-kultur-sport-und-freizeit category-stadtentwicklung\">\n\t<div class=\"\">\n\t\t\t\t\t<div class=\"\">\n\t\t\t\t<a href=\"https:\/\/gruene-idstein.de\/index.php\/2023\/01\/21\/tournesol-brand\/\" aria-label=\"Post Thumbnail\" rel=\"bookmark\">\n\t\t\t\t\t\t\t\t<img loading=\"lazy\" decoding=\"async\" width=\"768\" height=\"576\" src=\"https:\/\/gruene-idstein.de\/wp-content\/uploads\/2023\/01\/csm_tournesol_brand_30cd2b1d28-768x576.jpg\" class=\"post-thumbnail wp-post-image\" alt=\"Tournesol-Brand\" \/>\n\n\t\t\t\t\t\t\t<\/a>\n\t\t\t<\/div>\n\t\t\t\t\t<div class=\"p-45\">\n\t\t\t<header class=\"entry-header mb-2\">\n\t\t\t\t\t\t\t\t<h2 class=\"card-title h4 mb-3\"><a href=\"https:\/\/gruene-idstein.de\/index.php\/2023\/01\/21\/tournesol-brand\/\" rel=\"bookmark\">Tournesol-Brand<\/a><\/h2>\t\t\t\t\t<div class=\"entry-meta mb-3\">\n\t\t\t\t\t\t<span class=\"posted-on\"><time class=\"entry-date published\" datetime=\"2023-01-21T19:29:00+01:00\">21. Januar 2023<\/time><time class=\"updated\" datetime=\"2024-04-18T19:31:52+02:00\">18. April 2024<\/time><\/span>\t\t\t\t\t<\/div><!-- .entry-meta -->\n\t\t\t\t\t\t\t\t<\/header><!-- .entry-header -->\n\n\t\t\t<div class=\"entry-content\">\n\t\t\t\t<a href=\"https:\/\/gruene-idstein.de\/index.php\/2023\/01\/21\/tournesol-brand\/\" rel=\"bookmark\">\n\t\t\t\t<p>Am Abend des 20. Januar brannte das Geb\u00e4ude des derzeit wegen Sanierung geschlossenen st\u00e4dtischen Schwimmbades. Die Idsteiner GR\u00dcNEN sind entsetzt \u00fcber den neuerlichen Schadensfall Tournesol. &#8222;Wir hatten zu Beginn der [&hellip;]<\/p>\n\t\t\t\t<\/a>\n\t\t\t<\/div><!-- .entry-content -->\n\n\t\t\t<footer class=\"entry-footer\">\n\t\t\t\t\t\t\t<div class=\"d-flex mt-2 mb-2\">\n\t\t\t\t\t\t\t\t<div>\n\t\t<span class=\"cat-links small\"><a href=\"https:\/\/gruene-idstein.de\/index.php\/category\/themen\/gesundheit\/\" rel=\"category tag\">Gesundheit<\/a>, <a href=\"https:\/\/gruene-idstein.de\/index.php\/category\/themen\/kultur-sport-und-freizeit\/\" rel=\"category tag\">Kultur, Sport und Freizeit<\/a>, <a href=\"https:\/\/gruene-idstein.de\/index.php\/category\/themen\/stadtentwicklung\/\" rel=\"category tag\">Stadtentwicklung<\/a><\/span>\n\t\t\t\t<\/div>\n\t\t\t<\/div>\n\t\t\n\t\t\t\t<div class=\"d-flex flex-row-reverse\">\n\t\t\t\t\t<a href=\"https:\/\/gruene-idstein.de\/index.php\/2023\/01\/21\/tournesol-brand\/\" rel=\"bookmark\" class=\"continue-reading\">\n\t\t\t\t\tweiterlesen\t\t\t\t<\/a>\n\t\t\t\t<\/div>\n\t\t\t<\/footer><!-- .entry-footer -->\n\t\t<\/div>\n\t<\/div>\n<\/article><!-- #post-638 -->\n<\/div>\n    <a class=\"text-white no-link d-block bg-primary has-green-550-hover-background-color border-radius\" href=\"https:\/\/gruene-idstein.de\/index.php\/category\/themen\/gesundheit\/\" rel=\"\">\n        <div class=\"p-45 row\">\n        <span class=\"continue-reading text-white text-center pt-0\">zum Blog-Archiv<\/span>\n        <\/div>\n    <\/a>\n<\/div><\/div><\/div>","protected":false},"excerpt":{"rendered":"<p>Gesundheit ist nicht alles, aber \u2026 Grundlagen f\u00fcr unsere Gesundheit und deren Erhalt sind eine intakte Umwelt, eine gesunde Ern\u00e4hrung sowie eine umfassende und qualifizierte medizinische Versorgung. Die die Herstellung [&hellip;]<\/p>\n","protected":false},"author":1,"featured_media":0,"parent":0,"menu_order":0,"comment_status":"closed","ping_status":"closed","template":"","meta":{"iawp_total_views":44,"footnotes":""},"class_list":["post-569","page","type-page","status-publish","hentry"],"_links":{"self":[{"href":"https:\/\/gruene-idstein.de\/index.php\/wp-json\/wp\/v2\/pages\/569","targetHints":{"allow":["GET"]}}],"collection":[{"href":"https:\/\/gruene-idstein.de\/index.php\/wp-json\/wp\/v2\/pages"}],"about":[{"href":"https:\/\/gruene-idstein.de\/index.php\/wp-json\/wp\/v2\/types\/page"}],"author":[{"embeddable":true,"href":"https:\/\/gruene-idstein.de\/index.php\/wp-json\/wp\/v2\/users\/1"}],"replies":[{"embeddable":true,"href":"https:\/\/gruene-idstein.de\/index.php\/wp-json\/wp\/v2\/comments?post=569"}],"version-history":[{"count":4,"href":"https:\/\/gruene-idstein.de\/index.php\/wp-json\/wp\/v2\/pages\/569\/revisions"}],"predecessor-version":[{"id":1401,"href":"https:\/\/gruene-idstein.de\/index.php\/wp-json\/wp\/v2\/pages\/569\/revisions\/1401"}],"wp:attachment":[{"href":"https:\/\/gruene-idstein.de\/index.php\/wp-json\/wp\/v2\/media?parent=569"}],"curies":[{"name":"wp","href":"https:\/\/api.w.org\/{rel}","templated":true}]}}

<h2 class="wp-block-heading has-grashalm-color has-text-color has-link-color wp-elements-1"><strong><strong>Gesundheit ist nicht alles, aber …</strong></strong></h2>



<p class="wp-block-paragraph">Grundlagen für unsere Gesundheit und deren Erhalt sind eine intakte Umwelt, eine gesunde Ernährung sowie eine umfassende und qualifizierte medizinische Versorgung. Die die Herstellung einer lückenlosen ärztlichen Versorgung (Ärztezentren für eine umfassende medizinische Versorgung direkt an einem Ort), die Einrichtung eines Idsteiner Hospizes und mehr ökologische Landwirtschaft für Idstein sind uns ein Anliegen.</p>



<p class="wp-block-paragraph">Details findet ihr in unserem <a href="https://gruene-idstein.de/index.php/kommunalwahlprogramm-2026/" data-type="page" data-id="1220">Kommunalwahlprogramm von 2026</a>.</p>



<hr class="wp-block-separator has-alpha-channel-opacity"/>



<h2 class="wp-block-heading has-grashalm-color has-text-color has-link-color wp-elements-2">Was in Idstein zum Thema passiert:</h2>



<div style="height:40px" aria-hidden="true" class="wp-block-spacer"></div>


<div class="has-background latest-posts wp-block-sunflower-latest-posts">
        <div class="wp-block-group__inner-container">
            
                <div class="row" data-masonry="{&quot;percentPosition&quot;: true }"><div class="col-md-6">
<article id="post-632" class="bg-white mb-4 has-shadow post-632 post type-post status-publish format-standard has-post-thumbnail hentry category-gesundheit category-kultur-sport-und-freizeit category-soziales">
	<div class="">
					<div class="">
				<a href="https://gruene-idstein.de/index.php/2023/07/23/guenstiger-tournesol-eintritt-fuer-kinder-und-jugendliche-geht-auf-gruenen-vorstoss-zurueck/" aria-label="Post Thumbnail" rel="bookmark">
								<img loading="lazy" decoding="async" width="768" height="430" src="https://gruene-idstein.de/wp-content/uploads/2024/11/ryzedigital_outdoor_swimming_pool_golden_hour_b675fe1e-0675-4c10-9687-c1dda9313624-768x430.jpg" class="post-thumbnail wp-post-image" alt="Günstiger Tournesol-Eintritt für Kinder und Jugendliche geht auf Grünen-Vorstoß zurück" />

							</a>
			</div>
					<div class="p-45">
			<header class="entry-header mb-2">
				 <div class="roofline mb-1">Grün wirkt!</div>				<h2 class="card-title h4 mb-3"><a href="https://gruene-idstein.de/index.php/2023/07/23/guenstiger-tournesol-eintritt-fuer-kinder-und-jugendliche-geht-auf-gruenen-vorstoss-zurueck/" rel="bookmark">Günstiger Tournesol-Eintritt für Kinder und Jugendliche geht auf Grünen-Vorstoß zurück</a></h2>					<div class="entry-meta mb-3">
						<span class="posted-on"><time class="entry-date published" datetime="2023-07-23T19:23:00+02:00">23. Juli 2023</time><time class="updated" datetime="2024-11-09T11:18:24+01:00">9. November 2024</time></span>					</div><!-- .entry-meta -->
								</header><!-- .entry-header -->

			<div class="entry-content">
				<a href="https://gruene-idstein.de/index.php/2023/07/23/guenstiger-tournesol-eintritt-fuer-kinder-und-jugendliche-geht-auf-gruenen-vorstoss-zurueck/" rel="bookmark">
				<p>Die Idsteiner Grünen danken allen Mitwirkenden für den enormen Einsatz zur Sommeröffnung des Freibadgeländes des brandgeschädigten Idsteiner Schwimmbads. „Besonders freuen wir uns, dass die Idsteiner Sport- und Freizeitanlagengesellschaft eine Anregung [&hellip;]</p>
				</a>
			</div><!-- .entry-content -->

			<footer class="entry-footer">
							<div class="d-flex mt-2 mb-2">
								<div>
		<span class="cat-links small"><a href="https://gruene-idstein.de/index.php/category/themen/gesundheit/" rel="category tag">Gesundheit</a>, <a href="https://gruene-idstein.de/index.php/category/themen/kultur-sport-und-freizeit/" rel="category tag">Kultur, Sport und Freizeit</a>, <a href="https://gruene-idstein.de/index.php/category/themen/soziales/" rel="category tag">Soziales</a></span>
				</div>
			</div>
		
				<div class="d-flex flex-row-reverse">
					<a href="https://gruene-idstein.de/index.php/2023/07/23/guenstiger-tournesol-eintritt-fuer-kinder-und-jugendliche-geht-auf-gruenen-vorstoss-zurueck/" rel="bookmark" class="continue-reading">
					weiterlesen				</a>
				</div>
			</footer><!-- .entry-footer -->
		</div>
	</div>
</article><!-- #post-632 -->
</div><div class="col-md-6">
<article id="post-638" class="bg-white mb-4 has-shadow post-638 post type-post status-publish format-standard has-post-thumbnail hentry category-gesundheit category-kultur-sport-und-freizeit category-stadtentwicklung">
	<div class="">
					<div class="">
				<a href="https://gruene-idstein.de/index.php/2023/01/21/tournesol-brand/" aria-label="Post Thumbnail" rel="bookmark">
								<img loading="lazy" decoding="async" width="768" height="576" src="https://gruene-idstein.de/wp-content/uploads/2023/01/csm_tournesol_brand_30cd2b1d28-768x576.jpg" class="post-thumbnail wp-post-image" alt="Tournesol-Brand" />

							</a>
			</div>
					<div class="p-45">
			<header class="entry-header mb-2">
								<h2 class="card-title h4 mb-3"><a href="https://gruene-idstein.de/index.php/2023/01/21/tournesol-brand/" rel="bookmark">Tournesol-Brand</a></h2>					<div class="entry-meta mb-3">
						<span class="posted-on"><time class="entry-date published" datetime="2023-01-21T19:29:00+01:00">21. Januar 2023</time><time class="updated" datetime="2024-04-18T19:31:52+02:00">18. April 2024</time></span>					</div><!-- .entry-meta -->
								</header><!-- .entry-header -->

			<div class="entry-content">
				<a href="https://gruene-idstein.de/index.php/2023/01/21/tournesol-brand/" rel="bookmark">
				<p>Am Abend des 20. Januar brannte das Gebäude des derzeit wegen Sanierung geschlossenen städtischen Schwimmbades. Die Idsteiner GRÜNEN sind entsetzt über den neuerlichen Schadensfall Tournesol. &#8222;Wir hatten zu Beginn der [&hellip;]</p>
				</a>
			</div><!-- .entry-content -->

			<footer class="entry-footer">
							<div class="d-flex mt-2 mb-2">
								<div>
		<span class="cat-links small"><a href="https://gruene-idstein.de/index.php/category/themen/gesundheit/" rel="category tag">Gesundheit</a>, <a href="https://gruene-idstein.de/index.php/category/themen/kultur-sport-und-freizeit/" rel="category tag">Kultur, Sport und Freizeit</a>, <a href="https://gruene-idstein.de/index.php/category/themen/stadtentwicklung/" rel="category tag">Stadtentwicklung</a></span>
				</div>
			</div>
		
				<div class="d-flex flex-row-reverse">
					<a href="https://gruene-idstein.de/index.php/2023/01/21/tournesol-brand/" rel="bookmark" class="continue-reading">
					weiterlesen				</a>
				</div>
			</footer><!-- .entry-footer -->
		</div>
	</div>
</article><!-- #post-638 -->
</div>
    <a class="text-white no-link d-block bg-primary has-green-550-hover-background-color border-radius" href="https://gruene-idstein.de/index.php/category/themen/gesundheit/" rel="">
        <div class="p-45 row">
        <span class="continue-reading text-white text-center pt-0">zum Blog-Archiv</span>
        </div>
    </a>
</div></div></div>

<p>Gesundheit ist nicht alles, aber … Grundlagen für unsere Gesundheit und deren Erhalt sind eine intakte Umwelt, eine gesunde Ernährung sowie eine umfassende und qualifizierte medizinische Versorgung. Die die Herstellung [&hellip;]</p>
